{"id":16040,"date":"2023-12-28T09:54:23","date_gmt":"2023-12-28T06:54:23","guid":{"rendered":"https:\/\/bykitchen.com.tr\/?post_type=product&#038;p=16040"},"modified":"2025-12-14T15:23:06","modified_gmt":"2025-12-14T12:23:06","slug":"profesyonel-bar-mikseri","status":"publish","type":"product","link":"https:\/\/bykitchen.com.tr\/en\/product\/profesyonel-bar-mikseri\/","title":{"rendered":"By Kitchen Profesyonel Bar Mikseri"},"content":{"rendered":"","protected":false},"excerpt":{"rendered":"<p><strong>Genel \u00d6zellikler:<\/strong><\/p>\n<p>Kullan\u0131m\u0131 Olduk\u00e7a Kolay Ve Pratiktir.<\/p>\n<p>End\u00fcstriyel Cafe Bar Ekipmanlar\u0131 Sekt\u00f6r\u00fcnde En \u00c7ok Tercih Edilen Bar Mikserlerindendir.<\/p>\n<p>Paslanmaz \u00c7elik \u00c7\u0131rp\u0131c\u0131 B\u0131\u00e7ak Tak\u0131m\u0131 Ve G\u0131da \u0130le Temasa Uygun Haznesi \u0130le Herkesin Rahatl\u0131kla Kullanabilece\u011fi Bir \u00dcr\u00fcnd\u00fcr.<\/p>\n<p><strong>Technical Specifications<\/strong><\/p>\n<p>\u0130ki Farkl\u0131 H\u0131z Seviyesi Bulunmaktad\u0131r.<\/p>\n<p>Elektrik G\u00fcc\u00fc: 0,3kW<\/p>\n<p>H\u0131z Devri(RPM): 16000<\/p>\n<p>Bar Mikseri \u00d6l\u00e7\u00fcleri: 250 x 250 x 570 mm<\/p>","protected":false},"featured_media":16041,"comment_status":"open","ping_status":"closed","template":"","meta":[],"product_brand":[],"product_cat":[86],"product_tag":[],"class_list":{"0":"post-16040","1":"product","2":"type-product","3":"status-publish","4":"has-post-thumbnail","6":"product_cat-bar-blender","8":"first","9":"instock","10":"shipping-taxable","11":"product-type-simple"},"_links":{"self":[{"href":"https:\/\/bykitchen.com.tr\/en\/wp-json\/wp\/v2\/product\/16040","targetHints":{"allow":["GET"]}}],"collection":[{"href":"https:\/\/bykitchen.com.tr\/en\/wp-json\/wp\/v2\/product"}],"about":[{"href":"https:\/\/bykitchen.com.tr\/en\/wp-json\/wp\/v2\/types\/product"}],"replies":[{"embeddable":true,"href":"https:\/\/bykitchen.com.tr\/en\/wp-json\/wp\/v2\/comments?post=16040"}],"version-history":[{"count":3,"href":"https:\/\/bykitchen.com.tr\/en\/wp-json\/wp\/v2\/product\/16040\/revisions"}],"predecessor-version":[{"id":17315,"href":"https:\/\/bykitchen.com.tr\/en\/wp-json\/wp\/v2\/product\/16040\/revisions\/17315"}],"wp:featuredmedia":[{"embeddable":true,"href":"https:\/\/bykitchen.com.tr\/en\/wp-json\/wp\/v2\/media\/16041"}],"wp:attachment":[{"href":"https:\/\/bykitchen.com.tr\/en\/wp-json\/wp\/v2\/media?parent=16040"}],"wp:term":[{"taxonomy":"product_brand","embeddable":true,"href":"https:\/\/bykitchen.com.tr\/en\/wp-json\/wp\/v2\/product_brand?post=16040"},{"taxonomy":"product_cat","embeddable":true,"href":"https:\/\/bykitchen.com.tr\/en\/wp-json\/wp\/v2\/product_cat?post=16040"},{"taxonomy":"product_tag","embeddable":true,"href":"https:\/\/bykitchen.com.tr\/en\/wp-json\/wp\/v2\/product_tag?post=16040"}],"curies":[{"name":"wp","href":"https:\/\/api.w.org\/{rel}","templated":true}]}}

<p><strong>Genel Özellikler:</strong></p>
<p>Kullanımı Oldukça Kolay Ve Pratiktir.</p>
<p>Endüstriyel Cafe Bar Ekipmanları Sektöründe En Çok Tercih Edilen Bar Mikserlerindendir.</p>
<p>Paslanmaz Çelik Çırpıcı Bıçak Takımı Ve Gıda İle Temasa Uygun Haznesi İle Herkesin Rahatlıkla Kullanabileceği Bir Üründür.</p>
<p><strong>Technical Specifications</strong></p>
<p>İki Farklı Hız Seviyesi Bulunmaktadır.</p>
<p>Elektrik Gücü: 0,3kW</p>
<p>Hız Devri(RPM): 16000</p>
<p>Bar Mikseri Ölçüleri: 250 x 250 x 570 mm</p>
